 Suppose f = 2*b + u, -2*b + 5*f - 4 - 11 = 0. Suppose 2*a + 0*a - 28 = b. What is the highest common factor of a and 35?
7
Suppose 5*x - f = -3*f + 30, -5*f = 3*x - 37. Suppose 0*s - s - x*n - 10 = 0, s - 4*n = -34. Let i = s - -40. Calculate the greatest common divisor of i and 9.
9
Suppose 44*x - 45045 = -37*x - 24*x. Calculate the greatest common divisor of x and 1144.
143
Suppose -1666 = -7*c - 6*c - c. What is the greatest common divisor of 119 and c?
119
Let b be (-1)/(-3) + (72107/21 - 30). Calculate the highest common divisor of b and 322.
46
Let l = -2 - -7. Let v = -14235 + 14240. Calculate the greatest common divisor of l and v.
5
Let p = -1992 + 2000. Let k(j) = j**2 - 9*j + 8. Let h be 8/20 - (-86)/10. Let f be k(h). Calculate the greatest common divisor of f and p.
8
Suppose -11*r + 8912 + 9791 = 5107. Calculate the highest common factor of 48 and r.
12
Let a(u) = u**2 + 2024*u + 34. Let f be a(0). Suppose -4*o - o + 10 = 0. Calculate the highest common factor of o and f.
2
Let h(r) = r**3 - 4*r**2 - 5*r - 6. Let u be h(8). Suppose z + 5 = 7, f - 88 = -2*z. What is the greatest common divisor of f and u?
42
Suppose -2*v - 3*x + 266 = 0, -v - 59*x + 146 = -64*x. What is the highest common factor of v and 850?
34
Let d = -11148 - -11172. Calculate the highest common factor of d and 7032.
24
Suppose 42 = -3*r + 84. Let z be 6*(-4)/(-9)*(-1617)/(-44). What is the greatest common factor of z and r?
14
Suppose -o + 131 = 5*u, -4*u + 5*u = -3*o + 449. Let d = o + -103. Suppose 4*y + 2*p = 28, 2*y + 5*p = 16 + 6. Calculate the highest common divisor of y and d.
6
Let n = 12432 + -12266. What is the highest common divisor of n and 5229?
83
Suppose q + 39*g - 78 = 42*g, -3*q + 214 = -5*g. Calculate the greatest common factor of q and 35.
7
Let q(k) = k + 483. Let v be q(78). What is the highest common divisor of v and 165?
33
Let f(i) = 2 + 2 - 2*i + 2 - 2. Let p be f(-4). Let m(r) = r - 1. Let n be m(7). What is the greatest common divisor of n and p?
6
Let r(d) = -4*d**3 + d**2 + 4*d - 3. Let j be r(-3). Let q = j + -98. What is the greatest common factor of 32 and q?
4
Suppose 696 = 4*f - f - 5*p, -5*p + 514 = 2*f. What is the greatest common factor of f and 660?
22
Let t be -4 + (4/22 - 280/88). Let w be -7*(-14 + 2 + t). What is the greatest common divisor of w and 19?
19
Let g(y) = -y**3 - y**2 - 3*y + 5. Let o = -31 + 26. Let p be g(o). What is the highest common divisor of p and 24?
24
Let g(h) be the second derivative of -19*h**3/6 - 95*h**2/2 - 55*h. Let j be g(-7). Calculate the highest common factor of j and 76.
38
Let x = -2394 + 2418. What is the greatest common factor of 1536 and x?
24
Let s = -193 - -295. Let v be s/((-1)/(-1)) + (-4 - -2). Calculate the greatest common factor of 80 and v.
20
Let f(x) = x**3 + 7*x**2 + 10*x - 6. Let m be f(-5). Let q(g) = -g**2 - 7*g + 19. Let p be q(m). What is the highest common divisor of p and 225?
25
Suppose -2*z - 617 = -3*w - z, 5*w - 1023 = -z. Suppose -2*v + 4*c - 301 + 419 = 0, -5*v - 2*c = -187. What is the highest common factor of v and w?
41
Suppose 78*f - 117504 = 24*f. Calculate the highest common divisor of f and 51.
17
Let a(r) = 1133*r + 834. Let l be a(1). What is the greatest common factor of 63 and l?
7
Let h = 678 - 639. Suppose -16382 = -h*j + 3547. Calculate the highest common divisor of 146 and j.
73
Suppose -4*w = -16, 4*w + 10 = -3*u + 2*w. Let x be (-2)/u - (-8)/12. Suppose -3*c + 25 = x. What is the greatest common divisor of c and 8?
8
Let a = -402 + 186. Let m = -200 - a. Calculate the greatest common divisor of m and 288.
16
Let h(r) = 43*r - 17*r - 35 - 34. Let a be h(4). What is the highest common factor of 805 and a?
35
Suppose 2*w = -w - 4*z + 25, -4*w + 5*z + 85 = 0. Let m be 24*-3*5/w. Let k be 913/6 + 52/m + 2. What is the highest common factor of 19 and k?
19
Let k = -380 - -382. Suppose -36 = -k*h + 80. What is the highest common factor of h and 87?
29
Let f = 1086 - 1038. What is the highest common divisor of f and 321?
3
Suppose -8364 = -3*u - 3*t, -u + 337*t = 340*t - 2804. What is the highest common factor of 110 and u?
10
Suppose -4*v - 6 - 29 = -3*y, 38 = -5*v - 2*y. Let i = -8 - v. Let r(s) = s**2 + 2*s + 7. Let g be r(i). What is the highest common divisor of 7 and g?
7
Let r(c) = -c**2 - 4*c + 16. Let y be r(4). Let k = -18 - y. Let f be (1/(-1))/(k/4). What is the greatest common divisor of f and 4?
2
Let o(l) = 2*l**2 + 20*l + 37. Let i be o(-22). Let b be -2 - (i/(-15) + 1/(-3)). What is the greatest common factor of b and 3?
3
Suppose b = 5*u - 58, u - 3*b + 51 = 57. Calculate the highest common divisor of 69 and u.
3
Suppose -5*n + 56 = -4. Suppose -n*p = 8*p - 2100. What is the greatest common divisor of p and 15?
15
Let j(z) be the second derivative of 1/2*z**3 + 2*z**2 - 17*z + 0. Let x be j(2). What is the highest common factor of 20 and x?
10
Let j = -2908 + 2992. What is the highest common factor of 966 and j?
42
Suppose 1060 - 71 = -163*s + 6205. Calculate the greatest common factor of s and 4096.
32
Suppose 5*h - 1630 + 550 = 0. Suppose -m = 2*o + 217, -3*o + 232 = -2*m + m. Let p = 247 + m. Calculate the greatest common factor of h and p.
24
Suppose s = -5*b + 25 + 20, 5*b = 3*s - 95. Calculate the highest common divisor of 665 and s.
35
Suppose 8 = -4*t - 4*m + 56, -3*m + 58 = 5*t. Suppose -8*j + 794 + 310 = 0. Let x = 281 - j. Calculate the highest common divisor of x and t.
11
Suppose 37441*x - 4095 = 37420*x. Calculate the greatest common divisor of 60 and x.
15
Let m be 496 - (-14)/(-20 + 6). Calculate the highest common divisor of m and 935.
55
Let p be (-1)/(2/(2 - 420)). Let n(r) = -10682*r - 128108. Let b be n(-12). What is the highest common factor of b and p?
19
Let h = -12880 + 13125. Calculate the highest common divisor of h and 1176.
49
Let b be 23 + 34 + 0 + 0. Suppose -2*i - n = -0*i - b, 5*n = -4*i + 111. Suppose -6*t = -i - 73. What is the highest common factor of 68 and t?
17
Let y be 8/2 + -5 + 1 + 5. Let j(n) = -3*n**2 + 104*n + 40. Let t be j(35). Calculate the highest common factor of y and t.
5
Suppose -2*p - 6*q = -34, -2*p + 4 = 16884*q - 16888*q. Let v = 1 - 4. Let j be (v + (-4)/(-2))*-1. What is the highest common divisor of j and p?
1
Suppose -4*y = 2*l - 2578, 4*y + l + 217 = 2790. What is the greatest common divisor of y and 12?
6
Let v be ((-117)/(-52))/(3/4). Let n be ((90/25)/v)/((-6)/20). Let c be 290/40 + 1*1/n. Calculate the greatest common divisor of 77 and c.
7
Suppose x + 2*o = -0*x + 152, -2*x + 301 = o. Calculate the greatest common divisor of 51 and x.
3
Suppose 0 = -t - 3, -5*f - 2*t = -6*t - 82. Suppose -f*w = -19 - 401. What is the greatest common divisor of 66 and w?
6
Let r be 5688 - (0/(-5))/(-4 + (12 - 7)). Calculate the greatest common divisor of 360 and r.
72
Suppose 5*j = -4*x + 6525, -1761*x = -1762*x + j + 1638. What is the greatest common factor of x and 60?
15
Suppose 10690 = 3*d - 8*d - 2*b, 0 = 2*b - 10. Let q = 3257 + d. Suppose p + q = 5*r + 3*p, 3*p = 3*r - 687. What is the highest common divisor of r and 25?
25
Suppose 0 = 5*g - 670 - 290. Let z be 86/387 - (-1280)/72. What is the greatest common factor of g and z?
6
Suppose 61*o - 56*o = 2080. Let g = 878 - o. What is the greatest common factor of 42 and g?
42
Let p be 2451/38 - (-1)/(-2). Let c be ((-4)/(-3))/((-4)/(-222)). Let r = c - p. What is the greatest common factor of 10 and r?
10
Suppose 121*d = 67*d + 22*d + 13536. What is the highest common factor of 1363 and d?
47
Let y = 657 + -422. Let z = 365 - y. What is the highest common divisor of z and 10?
10
Let m = 73 - 38. Let i be 16/(-12)*9/(-4). Let b be i - -34 - (-1 + 1 - -2). Calculate the greatest common factor of b and m.
35
Let z(n) be the third derivative of 23*n**2 + 0 + 0*n - 1/2*n**3 + 1/3*n**4. Let g be z(7). What is the highest common divisor of 53 and g?
53
Suppose 18*s = 38*s - 7700. What is the greatest common factor of 1375 and s?
55
Let s be ((-53)/3)/(-18 - (-43834)/2436). What is the highest common factor of s and 318?
106
Let d be 5/1 - -2 - 0. Let u be d/((-14)/(-12)) + -4. Let v be (-4)/(-1 + -1)*u. Calculate the highest common divisor of 4 and v.
4
Let w(z) = -5*z + 67. Let x be w(14). Let f be (76 - 1 - x) + 0. Calculate the